
(-8 - -6) + 4 - (2 - -1)
-1
0 + -8 - (-14 - -12)
-6
-7 - (0 + -4) - -7
4
Calculate 2 + -4 + (-3 - -3).
-2
What is 10 + -6 - 5 - (-2 + 5)?
-4
Evaluate 19 + -14 - (3 - 7).
9
Evaluate -1 + 14 - (17 + -9).
5
(16 - 10) + 2 + -10
-2
What is the value of -1 + 7 + 1 + -2 + -1?
4
Evaluate (-15 - -13) + (1 - -1).
0
What is (-31 - -34) + (-4 - -2)?
1
What is the value of 2 + -9 - (-10 - 2)?
5
What is the value of 1 - (-2 + 0 - -7)?
-4
3 - (-2 - (-3 + -5)) - 0
-3
Evaluate 9 - 4 - (25 - 16).
-4
What is the value of -4 - 3 - (-1 - 7)?
1
Calculate 2 + -10 + 3 + (-6 - -3).
-8
(-5 - (4 - (-1 - -7))) + 2
-1
13 + -12 - (4 + 1)
-4
Calculate -4 + (-3 - 0 - -5) + 3.
1
What is the value of 5 + (6 - 1 - 10) - -2?
2
13 + 1 + (68 - 75)
7
Evaluate (-6 + 1 - (8 + -9)) + 9.
5
What is the value of (2 - -4) + (49 - 52)?
3
What is 2 + (4 + -2 - 2) - -4?
6
What is -3 + (7 - -4) - 8?
0
What is the value of 9 - (8 + 2 - -4)?
-5
-11 + (-6 + 6 - -6)
-5
What is the value of (1 - (3 + -5)) + -8?
-5
What is 5 + (-7 + 6 - 6)?
-2
Evaluate 2 + 1 + (1 + -1 - 1).
2
Evaluate 8 - (12 + -2 - -1).
-3
Calculate (12 - (0 - -7)) + -10.
-5
What is (3 - (-2 - -5)) + (-1 - 3)?
-4
What is (-10 - -4 - -8) + 2?
4
What is 6 - 2 - (0 + 3)?
1
Evaluate 0 + (2 - 4) + 5.
3
What is the value of (0 + 2 - 7) + 1?
-4
Calculate 5 - -1 - 4 - 4.
-2
What is -2 - (-1 - 0) - -3 - -2?
4
9 + -3 + (-12 + 6 - 0)
0
What is 0 - (20 + -17 + -2 + -7)?
6
Calculate 0 - (3 + 1 + -1 + 1).
-4
Calculate 7 + -2 + 61 + -59.
7
What is (5 + -4 - 6) + 4?
-1
What is 14 - -2 - (-6 + 13)?
9
What is -1 + -4 - -1 - -1?
-3
What is 6 - (9 + -2 + -1)?
0
Evaluate (2 + 0 - -3) + -8.
-3
What is 9 - 2 - 3 - 7?
-3
What is -2 + 3 + -5 + 11?
7
What is (-2 - (-4 - (0 - 2))) + -7?
-7
1 + -5 + 5 + -1 + 3
3
What is (6 - 4) + 1 - 4?
-1
Calculate 7 - (-1 + -3 - (-22 - -1)).
-10
Calculate -3 + (4 - -3) + 0.
4
Evaluate -11 + 7 + 2 + 1.
-1
Evaluate -1 - -2 - (3 + (0 - 1)).
-1
Evaluate -177 - -182 - (1 + -6).
10
What is 1 + 0 + 1 - (8 - 4)?
-2
(0 - 0) + (15 - 12)
3
What is the value of 3 - (3 + (-3 - 1))?
4
What is the value of (3 - (-5 - -6)) + -1 + 5?
6
6 - (-6 + 0 + 5 + 1)
6
What is -5 + 2 - -5 - (-6 + 15)?
-7
Evaluate -4 + -4 + -5 + 0 + 11.
-2
(-4 - -8) + -4 - 0
0
What is (-16 - -20) + (-3 - 0) + 1?
2
(-22 - -12) + 14 - (2 - 1)
3
What is the value of 14 + -24 - (-2 - 15)?
7
What is -3 - ((0 - -1) + 11 + -15)?
0
What is the value of (1 - -1) + 10 + -15?
-3
-4 + -2 + 5 + -2
-3
Evaluate -6 + 5 - (-1 + 0).
0
What is -2 - 2 - (3 - 5)?
-2
Evaluate 2 - (6 + 3 + -6 - -5).
-6
9 - 6 - (0 + 2 - -3)
-2
-1 - (-4 + (0 - 2 - -2))
3
Calculate -6 + 5 + 0 + 1.
0
Evaluate (9 + -13 - 8) + 17.
5
What is 1 + (4 - (0 - -1)) + -6?
-2
What is the value of (-2 - (-6 + 2)) + -6?
-4
What is the value of (-4 + 11 - (-6 - -6)) + -1?
6
Evaluate -1 - -2 - -3 - (-1 - 0).
5
What is the value of 3 - -2 - ((-3 - -1) + 7)?
0
Evaluate (-6 - (-11 + 7)) + 1 + 6.
5
Calculate -5 + (-1 - 0) + 8 + 1.
3
What is the value of -2 - (-3 - -1 - (9 + -13))?
-4
What is the value of (1 - -7) + -3 - 3?
2
Calculate (-9 - -12) + -1 + -2 - -4.
4
What is the value of (-7 - -14) + 5 + -11?
1
What is -4 - (-7 + 9 + -2 + 3)?
-7
What is the value of (5 - 3) + -7 - (-5 - 1)?
1
-1 + 1 + -6 + 5
-1
Evaluate (-2 - 11) + 0 + 6 + -1.
-8
What is the value of (2 - 17) + (11 - 1)?
-5
5 + -3 + -6 - -1
-3
Evaluate 6 + (-9 - 7) + 7.
-3
What is (-3 - -7) + (2 - 3)?
3
What is the value of (-4 - -1) + 1 + -6 + 6?
-2
(-4 - (-3 + 3)) + -4 + 6
-2
What is -2 - (4 + (-2 - 8))?
4
What is -6 - ((-4 - 6) + 0 + -2)?
6
What is the value of (-7 - (28 + -29)) + (-4 - -1)?
-9
(-6 - (4 - 11)) + 2
3
0 - 4 - (283 - 292)
5
Evaluate 0 - (-8 + 4) - 3.
1
(-1 - 2) + 7 + (-7 - -1)
-2
-9 + 19 - 16 - 1
-7
What is -2 + 2 + 1 + 1 - 2?
0
Evaluate 3 + (0 - 4) + (3 - -1).
3
Evaluate 1 + (-1 - -2) - (-4 - -1).
5
Evaluate -5 + 10 - (2 - -6).
-3
Evaluate (0 - 3) + (-8 - 1 - -18).
6
Calculate -1 + 0 - -2 - (-49 + 41).
9
1 + -6 + 6 + -3 + 0
-2
Evaluate (-2 - 5) + (11 - 6).
-2
Evaluate 7 + -9 - (-4 - 1).
3
What is -2 + -4 + 20 + (16 - 24)?
6
Evaluate (0 - 0) + 0 + -1.
-1
-2 - -2 - 8 - -4
-4
What is (-1 - -4) + (-20 - -16)?
-1
What is the value of 8 + -2 + -12 + -4 + 5?
-5
What is the value of -8 + -98 + 90 + 10 + 1?
-5
What is (6 - 6) + (0 - 2)?
-2
What is the value of (3 - 2) + -1 + -12 + 14?
2
Calculate 4 - (-12 + 12 + 1 + 0).
3
Evaluate 8 + (-8 - (10 - 11)).
1
What is (1 - 1) + -5 + 9?
4
What is (-1 + 8 - 13) + 1 - -10?
5
What is the value of (-1 - -4 - 0) + -8?
-5
What is the value of 2 + -3 + -6 - (2 + -15)?
6
Evaluate (1 - (6 + -2 + 5)) + 1.
-7
Calculate 0 + (3 - (1 + -1)).
3
Evaluate 8 + -2 + (-2 + -4 - -2).
2
0 + 2 + -1 - (-30 + 28)
3
Evaluate (2 - 3) + 3 + 3 + -11.
-6
Calculate 2 + (-7 + 9 + -4 - -3).
3
What is the value of (-3 - -6 - 5) + 6 - -2?
6
Calculate -7 + 0 - -3 - (3 + -8).
1
What is the value of 34 - 34 - (0 + -5)?
5
0 + -2 + 5 + -3 - 0
0
What is -4 + (9 - -5 - 3)?
7
What is (-4 - (-1 - 2)) + 4 + -5?
-2
What is the value of 1 - (-1 - -6) - -3?
-1
What is the value of (-1 - 1) + (-1 - 0) + 3?
0
-7 + -3 + 5 - (-4 + -7)
6
What is the value of (-3 - (1 - (7 - 3))) + 9?
9
(-2 - (1 - -5) - 0) + 1
-7
Calculate -2 - -1 - (29 - 24).
-6
Evaluate -9 + (6 - (-4 + 5)).
-4
6 + -9 + 3 + -2
-2
What is the value of (-8 + 5 - -2) + (-2 - 2)?
-5
Evaluate -1 - (0 - (1 + -4 + -1)).
-5
What is 5 + (3 + 0 - (-6 - -7))?
7
What is -5 + (2 - -1 - 3 - 1)?
-6
Evaluate 9 + 1 - (-40 + 45).
5
What is -4 + (-4 - -5 - -3) + 0?
0
What is the value of -5 + (5 - (-4 - 1)) + -3?
2
What is -11 + 4 + (-1 + -4 - -5)?
-7
What is 2 + (-3 - (0 - 4)) + -3?
0
(-1 + -2 - -5) + -1
1
What is the value of 2 + -3 + 0 + 3 + -6?
-4
Calculate 2 + -1 + -4 + 5.
2
(3 - 2 - 2) + 0
-1
What is (-2 - 1) + -40 + 47?
4
Calculate 9 + -17 - 1 - -4.
-5
82 - 81 - (10 - 0 - 0)
-9
Evaluate -6 - (1 - 2) - (-2 - -1).
-4
-5 + 2 + 24 + -12
9
What is -2 + (-1 - -4) + -2?
-1
What is the value of 6 - (-6 - ((5 - 4) + -9))?
4
Evaluate 2 + (-13 + 10 - (2 + -1)).
-2
What is the value of -5 + 2 + 4 + (-1 - 0)?
0
Calculate 1 + -7 - (-1 + -4).
-1
What is the value of 2 + 0 + -3 + -1?
-2
Evaluate 26 + -13 + -9 + (1 - 3).
2
What is the value of -9 - -2 - (0 - 3) - -8?
4
-5 + (2 - 3) - -6
0
11 - (16 + -8) - 7
-4
10 + -8 - (-1 + -2)
5
What is the value of -2 - -9 - (10 + -6)?
3
Evaluate 6 - (8 - (3 + -6)).
-5
What is -1 - (1 - -1) - (-6 + 5)?
-2
1 + 1 + -5 - 0
-3
What is 6 + 0 + -1 + -5?
0
-5 + (-1 - (-15 + 3))
6
-13 + 3 + (-48 - -57)
-1
What is the value of 6 + -5 + 3 - 5?
-1
(-2 - -1) + (4 - 0)
3
What is 2 - 8 - (-10 + (2 - -3))?
-1
Calculate 4 + (-36 + 13 - -11).
-8
What is the value of -6 + 3 + -2 + 18 + -17?
-4
(2 - -2) + (0 - 12)
-8
-42 + 28 - (3 - (1 + 9))
-7
Evaluate -6 + 1 + 8 - (6 - 1).
-2
What is -6 - (-4 - 7 - -2)?
3
What is the value of 0 - (1 - -3) - (-6 + 7)?
-5
What is the value of 4 + (1 - (7 - 3)) + 2?
3
What is -112 - -117 - (1 - 4)?
8
What is (-4 + 6 - -12) + -20?
-6
(5 - -11) + 3 + -8
11
What is the value of -4 + (0 - -1) - (-1 - -2)?
-4
What is (0 - 1) + 4 - (-76 - -72)?
7
What is the value of 4 + -8 + 5 + 0?
1
Evaluate 8 + (10 - -1) - 11.
8
Calculate -13 + (-8 - -17) - 1.
-5
2 + 8 + -6 + 1
5
(7 - 2 - -3) + -12
-4
15 - 9 - 5 - -1
2
What is -2 + 7 + 6 + -13 + 1?
-1
Evaluate -4 - (-1 + 5 - 4).
-4
What is (-5 - (3 + -2)) + 1 - -3?
-2
Evaluate 8 - ((-4 - -20) + -8) - -7.
7
Calculate -3 + -2 + (-1 - (-1 + 2)).
-7
Calculate -7 - (-10 + 3 + 2).
-2
Calculate -10 - -10 - ((-1 - 6) + 2).
5
-8 + 13 + -2 + (6 - -2)
11
Calculate 3 + 1 + 0 + -3.
1
What is the value of (-1 - (-2 - -4)) + (6 - 7)?
-4
What is 0 + (-27 - -22) - (0 - 1)?
-4
Calculate 1 + -8 - (-2 - 1).
-4
What is the value of 2 + 0 + (4 - 9 - 2)?
-5
Calculate -2 + (-2 - (-2 - -1)) + 6.
3
What is -4 + 1 - ((-1 - -7) + -11)?
2
Evaluate 3 - ((6 - 3) + (2 - 7)).
5
What is (4 + 4 - 11) + 0?
-3
What is (2 - 4) + 0 + 2?
0
-1 - (1 - (2 + -3))
-3
3 + (0 - -1) - (5 - 6)
5
What is (10 - (1 - -4)) + (4 - 17)?
-8
Calculate -1 - (0 - -1) - (39 - 40).
-1
Evaluate -1 + 7 + 0 - (76 + -70).
0
What is -9 + 6 - -1 - -2?
0
1 - ((5 - 3) + -2) - 3
-2
Calculate -4 - (-14 - 2 - -8).
4
5 + (-25 - -13 - 3)
-10
Calculate -4 + 7 + (-3 + -1 - 2).
-3
What is -15 + (9 - (5 + -10))?
-1
What is -6 + (19 + -6 - 6)?
1
Calculate -1 + (5 - (4 - -2)) + 6.
4
Evaluate 0 + 2 - (-5 + 0 + 4).
3
Eva